{"id":2577,"date":"2025-08-13T10:34:57","date_gmt":"2025-08-13T08:34:57","guid":{"rendered":"http:\/\/localhost\/strona%20uno\/wordpress\/?product=kapela-buskowianie-niedaleko-buska"},"modified":"2025-08-20T23:33:54","modified_gmt":"2025-08-20T21:33:54","slug":"kapela-buskowianie-niedaleko-buska","status":"publish","type":"product","link":"https:\/\/unomusicsklep.pl\/?product=kapela-buskowianie-niedaleko-buska","title":{"rendered":"Kapela Buskowianie &#8211; Niedaleko Buska"},"content":{"rendered":"<pre>Kapela Buskowianie to pierwsze nasze wydaw-\r\nnictwo. Istniej\u0105 od 1978 roku, kiedy to jeszcze \r\nkierownikiem zespo\u0142u by\u0142 Marian Bieniek. Od 2003 \r\nroku istniej\u0105 pod obecn\u0105 nazw\u0105. Jest to o\u015bmiu mu-\r\nzyk\u00f3w i solist\u00f3w z takimi instrumentami jak: puzon, \r\nskyrzpce, klarnet, tr\u0105bka, akordeon. \u015apiewa i gra na \r\nskrzypach Stanis\u0142aw Dufaj - legenda i zdobywca \r\nwielu presti\u017cowych nagr\u00f3d folklorystycznyh. Na \r\ntej p\u0142ycie graj\u0105: polki, oberki, walczyki z po\u0142udnia \r\n\u015awi\u0119tokrzyskiego.\r\n\r\nCD1 (1) Polka od Piasku Wielkiego, (2) Przyszed\u0142em z wesela, (3) Raduje si\u0119 serce, (4) Pyta\u0142a si\u0119 pi\u0119kna Kasia, \r\n(5) S\u0142oneczko nad zachodem,(6) Corno jo se corno, (7) Jak chodzi\u0142em na dziewczyny, (8) Jedzie Jasiu jedzie, (9) Niedaleko Buska, \r\n(10) Kraina \u015awi\u0119tokrzyska, (11) Oberek Pi\u0144czowski, (12) Posz\u0142y Panny na orzechy, (13) Sz\u0142a dziewczyna ko\u0142o m\u0142yna, \r\n(14) A jak\u017cem jecho\u0142 z Buska, (15) Jestem sobie Buskowianka, (16) Gdzie ta moja baba, (17) Kare kunie kare, \r\n(18) Sz\u0142a babeczka do laseczka, (19) Oj siano siano, (20) A kt\u00f3r\u0119dy kt\u00f3r\u0119dy<\/pre>\n","protected":false},"excerpt":{"rendered":"<p>Kapela Buskowianie to pierwsze nasze wydaw- nictwo. Istniej\u0105 od 1978 roku, kiedy to jeszcze kierownikiem zespo\u0142u by\u0142 Marian Bieniek. Od 2003 roku istniej\u0105 pod obecn\u0105 nazw\u0105. Jest to o\u015bmiu mu- zyk\u00f3w i solist\u00f3w z takimi instrumentami jak: puzon, skyrzpce, klarnet, tr\u0105bka, akordeon. \u015apiewa i gra na skrzypach Stanis\u0142aw Dufaj &#8211; legenda i zdobywca wielu presti\u017cowych [&hellip;]<\/p>\n","protected":false},"featured_media":2611,"template":"","meta":{"_acf_changed":false},"product_brand":[68],"product_cat":[67],"product_tag":[],"class_list":{"0":"post-2577","1":"product","2":"type-product","3":"status-publish","4":"has-post-thumbnail","6":"product_brand-kapela-buskowianie","7":"product_cat-muzyka-ludowa","8":"pa_gatunek-muzyka-ludowa","10":"first","11":"instock","12":"shipping-taxable","13":"purchasable","14":"product-type-simple"},"acf":[],"jetpack_sharing_enabled":true,"_links":{"self":[{"href":"https:\/\/unomusicsklep.pl\/index.php?rest_route=\/wp\/v2\/product\/2577","targetHints":{"allow":["GET"]}}],"collection":[{"href":"https:\/\/unomusicsklep.pl\/index.php?rest_route=\/wp\/v2\/product"}],"about":[{"href":"https:\/\/unomusicsklep.pl\/index.php?rest_route=\/wp\/v2\/types\/product"}],"wp:featuredmedia":[{"embeddable":true,"href":"https:\/\/unomusicsklep.pl\/index.php?rest_route=\/wp\/v2\/media\/2611"}],"wp:attachment":[{"href":"https:\/\/unomusicsklep.pl\/index.php?rest_route=%2Fwp%2Fv2%2Fmedia&parent=2577"}],"wp:term":[{"taxonomy":"product_brand","embeddable":true,"href":"https:\/\/unomusicsklep.pl\/index.php?rest_route=%2Fwp%2Fv2%2Fproduct_brand&post=2577"},{"taxonomy":"product_cat","embeddable":true,"href":"https:\/\/unomusicsklep.pl\/index.php?rest_route=%2Fwp%2Fv2%2Fproduct_cat&post=2577"},{"taxonomy":"product_tag","embeddable":true,"href":"https:\/\/unomusicsklep.pl\/index.php?rest_route=%2Fwp%2Fv2%2Fproduct_tag&post=2577"}],"curies":[{"name":"wp","href":"https:\/\/api.w.org\/{rel}","templated":true}]}}