{"id":2581,"date":"2025-08-13T10:34:58","date_gmt":"2025-08-13T08:34:58","guid":{"rendered":"http:\/\/localhost\/strona%20uno\/wordpress\/?product=kapela-braters-koledy-spod-gor-swietokrzyskich"},"modified":"2025-08-20T23:43:08","modified_gmt":"2025-08-20T21:43:08","slug":"kapela-braters-koledy-spod-gor-swietokrzyskich","status":"publish","type":"product","link":"https:\/\/unomusicsklep.pl\/?product=kapela-braters-koledy-spod-gor-swietokrzyskich","title":{"rendered":"Kapela Braters &#8211; Kol\u0119dy spod G\u00f3r \u015awi\u0119tokrzyskich"},"content":{"rendered":"<pre> Kol\u0119dy spod G\u00f3r \u015awi\u0119tokrzyskich w wykonaniu \r\nznanej kapeli Braters to ciekawa interpretacja \r\ntradycyjnych kol\u0119d zaaran\u017cowanych na akordeonie i \r\nsaksofonie. Daje to efekt niepowtarzalnego klimatu \r\nzimy i \u015bwi\u0105t kielecczyzny. Jest to zestaw dwup\u0142yto-\r\nwy. Pierwsza p\u0142yta to utwory wokalno-instrumen-\r\ntalne, druga p\u0142yta to wersje instrumentalne przezna-\r\nczone do \u015bpiewania przy wigilijnym stole.\r\n\r\n\r\nCD1 (1) Cicha noc, (2) Gdy \u015bliczna Panna, (3) P\u00f3jd\u017amy wszyscy do stajenki, (4) Lulaj\u017ce Jezusiu, \r\n(5) Przybie\u017celi do Betlejem, (6) Nie by\u0142o miejsca dla Ciebie, (7) B\u00f3g si\u0119 rodzi, \r\n(8) Dzisiaj w Betlejem, (9) Oj, malu\u015bki, (10) Jezus malusie\u0144ki,(11) W\u015br\u00f3d nocnej ciszy, \r\n(12) Mizerna cicha\r\n\r\nCD2 wersje instrumentalne<\/pre>\n","protected":false},"excerpt":{"rendered":"<p>Kol\u0119dy spod G\u00f3r \u015awi\u0119tokrzyskich w wykonaniu znanej kapeli Braters to ciekawa interpretacja tradycyjnych kol\u0119d zaaran\u017cowanych na akordeonie i saksofonie. Daje to efekt niepowtarzalnego klimatu zimy i \u015bwi\u0105t kielecczyzny. Jest to zestaw dwup\u0142yto- wy. Pierwsza p\u0142yta to utwory wokalno-instrumen- talne, druga p\u0142yta to wersje instrumentalne przezna- czone do \u015bpiewania przy wigilijnym stole. CD1 (1) Cicha noc, [&hellip;]<\/p>\n","protected":false},"featured_media":2615,"template":"","meta":{"_acf_changed":false},"product_brand":[91],"product_cat":[81,67],"product_tag":[],"class_list":{"0":"post-2581","1":"product","2":"type-product","3":"status-publish","4":"has-post-thumbnail","6":"product_brand-kapela-braters","7":"product_cat-koledy","8":"product_cat-muzyka-ludowa","10":"first","11":"instock","12":"shipping-taxable","13":"purchasable","14":"product-type-simple"},"acf":[],"jetpack_sharing_enabled":true,"_links":{"self":[{"href":"https:\/\/unomusicsklep.pl\/index.php?rest_route=\/wp\/v2\/product\/2581","targetHints":{"allow":["GET"]}}],"collection":[{"href":"https:\/\/unomusicsklep.pl\/index.php?rest_route=\/wp\/v2\/product"}],"about":[{"href":"https:\/\/unomusicsklep.pl\/index.php?rest_route=\/wp\/v2\/types\/product"}],"wp:featuredmedia":[{"embeddable":true,"href":"https:\/\/unomusicsklep.pl\/index.php?rest_route=\/wp\/v2\/media\/2615"}],"wp:attachment":[{"href":"https:\/\/unomusicsklep.pl\/index.php?rest_route=%2Fwp%2Fv2%2Fmedia&parent=2581"}],"wp:term":[{"taxonomy":"product_brand","embeddable":true,"href":"https:\/\/unomusicsklep.pl\/index.php?rest_route=%2Fwp%2Fv2%2Fproduct_brand&post=2581"},{"taxonomy":"product_cat","embeddable":true,"href":"https:\/\/unomusicsklep.pl\/index.php?rest_route=%2Fwp%2Fv2%2Fproduct_cat&post=2581"},{"taxonomy":"product_tag","embeddable":true,"href":"https:\/\/unomusicsklep.pl\/index.php?rest_route=%2Fwp%2Fv2%2Fproduct_tag&post=2581"}],"curies":[{"name":"wp","href":"https:\/\/api.w.org\/{rel}","templated":true}]}}