{"id":2585,"date":"2025-08-13T10:34:59","date_gmt":"2025-08-13T08:34:59","guid":{"rendered":"http:\/\/localhost\/strona%20uno\/wordpress\/?product=kapela-top-secret-top-secret-cz-1"},"modified":"2025-08-21T09:30:00","modified_gmt":"2025-08-21T07:30:00","slug":"kapela-top-secret-top-secret-cz-1","status":"publish","type":"product","link":"https:\/\/unomusicsklep.pl\/?product=kapela-top-secret-top-secret-cz-1","title":{"rendered":"Kapela Top Secret &#8211; TOP SECRET cz.1"},"content":{"rendered":"<pre>Kapela weselna Top Secret to znany i lubiany zesp\u00f3\u0142 \r\nkt\u00f3ry powsta\u0142 w 1990r. dzi\u0119ki liderom zespo\u0142u tj. \r\nGrzegorz Sta\u0144czak i Artur Grucha\u0142a maj\u0105cych w \r\nswoim sk\u0142adzie \u015bwietnego saxofonist\u0119 - Piotra Klisia \r\ni r\u00f3wnie utytu\u0142owanego akordeonist\u0119 Waldemara \r\nNowaka. Maj\u0105charakterystyczne unikalne brzmie-\r\nnie z regionu Ponidzia. To ich pierwsza p\u0142yta kt\u00f3ra \r\nzosta\u0142a od razu ciep\u0142o przyj\u0119ta przez mi\u0142o\u015bnik\u00f3w \r\nmuzyki ludowej i weselnej\r\n\r\nCD1 (1) Lesie ty m\u00f3j lesie, (2) Ty moja dziewczyno, (3) Mia\u0142em ci ja cztery kochaneczki,\r\n(4) Anio\u0142y, (5) Nieszcz\u0119\u015bliwi chrzestni, (6) Witajcie mili go\u015bcie, (7) To ch\u0142opaki Czarkowskie,\r\n(8) Pi\u0119kna kochaneczka, (9) Polka z Ponidzia, (10) O, te panny Korczynianki,\r\n(11) Po niebie wysokim, (12) Oberek \u2013 Weso\u0142y Janek, (13) Polka o naszej kapeli, (14) Marsz \u2013 Razem<\/pre>\n","protected":false},"excerpt":{"rendered":"<p>Kapela weselna Top Secret to znany i lubiany zesp\u00f3\u0142 kt\u00f3ry powsta\u0142 w 1990r. dzi\u0119ki liderom zespo\u0142u tj. Grzegorz Sta\u0144czak i Artur Grucha\u0142a maj\u0105cych w swoim sk\u0142adzie \u015bwietnego saxofonist\u0119 &#8211; Piotra Klisia i r\u00f3wnie utytu\u0142owanego akordeonist\u0119 Waldemara Nowaka. Maj\u0105charakterystyczne unikalne brzmie- nie z regionu Ponidzia. To ich pierwsza p\u0142yta kt\u00f3ra zosta\u0142a od razu ciep\u0142o przyj\u0119ta przez [&hellip;]<\/p>\n","protected":false},"featured_media":2619,"template":"","meta":{"_acf_changed":false},"product_brand":[97],"product_cat":[77,67,80],"product_tag":[],"class_list":{"0":"post-2585","1":"product","2":"type-product","3":"status-publish","4":"has-post-thumbnail","6":"product_brand-kapela-top-secret","7":"product_cat-muzyka-biesiadna","8":"product_cat-muzyka-ludowa","9":"product_cat-muzyka-weselna","11":"first","12":"instock","13":"shipping-taxable","14":"purchasable","15":"product-type-simple"},"acf":[],"jetpack_sharing_enabled":true,"_links":{"self":[{"href":"https:\/\/unomusicsklep.pl\/index.php?rest_route=\/wp\/v2\/product\/2585","targetHints":{"allow":["GET"]}}],"collection":[{"href":"https:\/\/unomusicsklep.pl\/index.php?rest_route=\/wp\/v2\/product"}],"about":[{"href":"https:\/\/unomusicsklep.pl\/index.php?rest_route=\/wp\/v2\/types\/product"}],"wp:featuredmedia":[{"embeddable":true,"href":"https:\/\/unomusicsklep.pl\/index.php?rest_route=\/wp\/v2\/media\/2619"}],"wp:attachment":[{"href":"https:\/\/unomusicsklep.pl\/index.php?rest_route=%2Fwp%2Fv2%2Fmedia&parent=2585"}],"wp:term":[{"taxonomy":"product_brand","embeddable":true,"href":"https:\/\/unomusicsklep.pl\/index.php?rest_route=%2Fwp%2Fv2%2Fproduct_brand&post=2585"},{"taxonomy":"product_cat","embeddable":true,"href":"https:\/\/unomusicsklep.pl\/index.php?rest_route=%2Fwp%2Fv2%2Fproduct_cat&post=2585"},{"taxonomy":"product_tag","embeddable":true,"href":"https:\/\/unomusicsklep.pl\/index.php?rest_route=%2Fwp%2Fv2%2Fproduct_tag&post=2585"}],"curies":[{"name":"wp","href":"https:\/\/api.w.org\/{rel}","templated":true}]}}