{"id":2593,"date":"2025-08-13T10:35:01","date_gmt":"2025-08-13T08:35:01","guid":{"rendered":"http:\/\/localhost\/strona%20uno\/wordpress\/?product=kapela-albatros-albatros"},"modified":"2025-08-21T10:17:38","modified_gmt":"2025-08-21T08:17:38","slug":"kapela-albatros-albatros","status":"publish","type":"product","link":"https:\/\/unomusicsklep.pl\/?product=kapela-albatros-albatros","title":{"rendered":"Kapela Albatros &#8211; Albatros"},"content":{"rendered":"<pre>CD1 (1) Wino, wino, (2) Czerwona r\u00f3\u017ca, (3) \u017beni\u0142bym si\u0119 z Tob\u0105, (4) \u017byje si\u0119 raz, \r\n(5) Marsz Kapeli, (6) Zgin\u0119\u0142a kiszka, (7) Ksi\u0119\u017cyc nad Krakowem, (8) Krasnoludek, \r\n(9) Wakacyjny ma\u0142y flirt, (10) Z s\u0105siadami nie jest \u017ale, (11) Moja nieznajoma, (12) \r\n(12) W blasku \u015bwiec, (13) Cyganeczka Zosia, (14) Jak szybko mijaj\u0105 chwile, \r\n(15) Z\u0142ote li\u015bcie, (16) Do widzenia<\/pre>\n","protected":false},"excerpt":{"rendered":"<p>CD1 (1) Wino, wino, (2) Czerwona r\u00f3\u017ca, (3) \u017beni\u0142bym si\u0119 z Tob\u0105, (4) \u017byje si\u0119 raz, (5) Marsz Kapeli, (6) Zgin\u0119\u0142a kiszka, (7) Ksi\u0119\u017cyc nad Krakowem, (8) Krasnoludek, (9) Wakacyjny ma\u0142y flirt, (10) Z s\u0105siadami nie jest \u017ale, (11) Moja nieznajoma, (12) (12) W blasku \u015bwiec, (13) Cyganeczka Zosia, (14) Jak szybko mijaj\u0105 chwile, (15) [&hellip;]<\/p>\n","protected":false},"featured_media":2628,"template":"","meta":{"_acf_changed":false},"product_brand":[],"product_cat":[77,67,80],"product_tag":[],"class_list":{"0":"post-2593","1":"product","2":"type-product","3":"status-publish","4":"has-post-thumbnail","6":"product_cat-muzyka-biesiadna","7":"product_cat-muzyka-ludowa","8":"product_cat-muzyka-weselna","10":"first","11":"instock","12":"shipping-taxable","13":"purchasable","14":"product-type-simple"},"acf":[],"jetpack_sharing_enabled":true,"_links":{"self":[{"href":"https:\/\/unomusicsklep.pl\/index.php?rest_route=\/wp\/v2\/product\/2593","targetHints":{"allow":["GET"]}}],"collection":[{"href":"https:\/\/unomusicsklep.pl\/index.php?rest_route=\/wp\/v2\/product"}],"about":[{"href":"https:\/\/unomusicsklep.pl\/index.php?rest_route=\/wp\/v2\/types\/product"}],"wp:featuredmedia":[{"embeddable":true,"href":"https:\/\/unomusicsklep.pl\/index.php?rest_route=\/wp\/v2\/media\/2628"}],"wp:attachment":[{"href":"https:\/\/unomusicsklep.pl\/index.php?rest_route=%2Fwp%2Fv2%2Fmedia&parent=2593"}],"wp:term":[{"taxonomy":"product_brand","embeddable":true,"href":"https:\/\/unomusicsklep.pl\/index.php?rest_route=%2Fwp%2Fv2%2Fproduct_brand&post=2593"},{"taxonomy":"product_cat","embeddable":true,"href":"https:\/\/unomusicsklep.pl\/index.php?rest_route=%2Fwp%2Fv2%2Fproduct_cat&post=2593"},{"taxonomy":"product_tag","embeddable":true,"href":"https:\/\/unomusicsklep.pl\/index.php?rest_route=%2Fwp%2Fv2%2Fproduct_tag&post=2593"}],"curies":[{"name":"wp","href":"https:\/\/api.w.org\/{rel}","templated":true}]}}