{"id":2597,"date":"2025-08-13T10:35:02","date_gmt":"2025-08-13T08:35:02","guid":{"rendered":"http:\/\/localhost\/strona%20uno\/wordpress\/?product=kapela-jedrzej-jedrzej-cz-2"},"modified":"2025-08-21T10:27:03","modified_gmt":"2025-08-21T08:27:03","slug":"kapela-jedrzej-jedrzej-cz-2","status":"publish","type":"product","link":"https:\/\/unomusicsklep.pl\/?product=kapela-jedrzej-jedrzej-cz-2","title":{"rendered":"Kapela J\u0119drzej &#8211; J\u0118DRZEJ cz.2"},"content":{"rendered":"<pre>Kapela J\u0119drzej - znanego solisty - Andrzeja S\u0142\u00f3\u017calca \r\nzawiera w swojej muzyce tradycje technicznego \r\nsposobu grania muzyki ludowej z regionu J\u0119drze-\r\njowskiego. Andrzej S\u0142\u00f3\u017calec to prawdziwy mi\u0142o\u015bnik \r\nmuzyki ludowej. Zawsze dobiera\u0142 sobie znako-\r\nmitych instrumentalist\u00f3w, kt\u00f3rzy grali i uczyli si\u0119 \r\nfachu od takich legend jak: . Ta p\u0142yta jest uk\u0142onem \r\nw kierunku muzyki tanecznej granej na weselach i \r\nzabawach\r\n\r\nCD1 (1) Polka \u2013 Witam Was kochani, (2) Polka \u2013 Dolinecka, (3) Foxtrot Dzidka, \r\n(4) Polka \u2013 Wida\u0107 si\u0119 starzej\u0119, (5) Ksi\u0119\u017cyc \u015bwieci, (6) Polka \u2013 Wyjazd\u00f3wka,\r\n(7) Walc \u2013 Nad brzegiem rzeki, (8) Polka \u2013 W Zagaju, (9) Hej tam za wod\u0105, \r\n(10) Polka \u2013 Siano, (11) Polka \u2013 Przezwodzianka, (12) Polka \u2013 Sosenka, \r\n(13) Polka \u2013 Bia\u0142y domek, (14) Polka \u2013 Mam ci ja koleg\u0119, (15) Polka \u2013 Ukradli gacie, \r\n(16) Krakowiak grany<\/pre>\n","protected":false},"excerpt":{"rendered":"<p>Kapela J\u0119drzej &#8211; znanego solisty &#8211; Andrzeja S\u0142\u00f3\u017calca zawiera w swojej muzyce tradycje technicznego sposobu grania muzyki ludowej z regionu J\u0119drze- jowskiego. Andrzej S\u0142\u00f3\u017calec to prawdziwy mi\u0142o\u015bnik muzyki ludowej. Zawsze dobiera\u0142 sobie znako- mitych instrumentalist\u00f3w, kt\u00f3rzy grali i uczyli si\u0119 fachu od takich legend jak: . Ta p\u0142yta jest uk\u0142onem w kierunku muzyki tanecznej granej [&hellip;]<\/p>\n","protected":false},"featured_media":2632,"template":"","meta":{"_acf_changed":false},"product_brand":[100],"product_cat":[77,67,80],"product_tag":[],"class_list":{"0":"post-2597","1":"product","2":"type-product","3":"status-publish","4":"has-post-thumbnail","6":"product_brand-kapela-jedrzej","7":"product_cat-muzyka-biesiadna","8":"product_cat-muzyka-ludowa","9":"product_cat-muzyka-weselna","11":"first","12":"instock","13":"shipping-taxable","14":"purchasable","15":"product-type-simple"},"acf":[],"jetpack_sharing_enabled":true,"_links":{"self":[{"href":"https:\/\/unomusicsklep.pl\/index.php?rest_route=\/wp\/v2\/product\/2597","targetHints":{"allow":["GET"]}}],"collection":[{"href":"https:\/\/unomusicsklep.pl\/index.php?rest_route=\/wp\/v2\/product"}],"about":[{"href":"https:\/\/unomusicsklep.pl\/index.php?rest_route=\/wp\/v2\/types\/product"}],"wp:featuredmedia":[{"embeddable":true,"href":"https:\/\/unomusicsklep.pl\/index.php?rest_route=\/wp\/v2\/media\/2632"}],"wp:attachment":[{"href":"https:\/\/unomusicsklep.pl\/index.php?rest_route=%2Fwp%2Fv2%2Fmedia&parent=2597"}],"wp:term":[{"taxonomy":"product_brand","embeddable":true,"href":"https:\/\/unomusicsklep.pl\/index.php?rest_route=%2Fwp%2Fv2%2Fproduct_brand&post=2597"},{"taxonomy":"product_cat","embeddable":true,"href":"https:\/\/unomusicsklep.pl\/index.php?rest_route=%2Fwp%2Fv2%2Fproduct_cat&post=2597"},{"taxonomy":"product_tag","embeddable":true,"href":"https:\/\/unomusicsklep.pl\/index.php?rest_route=%2Fwp%2Fv2%2Fproduct_tag&post=2597"}],"curies":[{"name":"wp","href":"https:\/\/api.w.org\/{rel}","templated":true}]}}