{"id":2604,"date":"2025-08-13T10:35:04","date_gmt":"2025-08-13T08:35:04","guid":{"rendered":"http:\/\/localhost\/strona%20uno\/wordpress\/?product=kapela-helios-helios-kapela-weselna-z-sedziszowa"},"modified":"2025-08-20T19:21:59","modified_gmt":"2025-08-20T17:21:59","slug":"kapela-helios-helios-kapela-weselna-z-sedziszowa","status":"publish","type":"product","link":"https:\/\/unomusicsklep.pl\/?product=kapela-helios-helios-kapela-weselna-z-sedziszowa","title":{"rendered":"Kapela Helios &#8211; HELIOS kapela weselna z S\u0119dziszowa"},"content":{"rendered":"<pre>Kapela Helios pochodzi z S\u0119dziszowa. Jej liderem \r\ni g\u0142\u00f3wnym tw\u00f3rc\u0105 jest akordeonista i klawiszowiec \r\nRyszard Kowalkowski, autor wi\u0119kszo\u015bci tekst\u00f3w \r\noraz nazwy zespo\u0142u. Helios gra od lat 80., \u0142\u0105cz\u0105c \r\nmuzyk\u0119 taneczn\u0105 i lokalny folklor regionu s\u0119dzi\r\nszowskiego, tworz\u0105c oryginalny i rozpoznawalny \r\nstyl.\r\n\r\nCD1 (1) Polka \u2013 Dziewczynka spr\u0119\u017cynka, (2) Marsz \u2013 P\u0142ynie rzeka, \r\n(3) Polka \u2013 To my, (4) Walc \u2013 Ona jedyna, (5) Polka \u2013 Od Gniewi\u0119cina, \r\n(6) Moje miasto, (7) Marsz \u2013 R\u00f3\u017ca, (8) Walc \u2013 B\u0142\u0119kitny akordeon, (9) \r\nBeguine \u2013 To moje serce, (10) Polka \u2013 Hej ha! S\u0142uchaj, (11) Walc \u2013 W \r\nogr\u00f3deczku, (12) Polka \u2013 Oj, jak jo se zahulom, (13) W zielonym gaju, \r\n(14) Polka \u2013 Lipka, (15) Polka \u2013 W moim ogr\u00f3deczku, (16) Polka \r\ntechniczna<\/pre>\n","protected":false},"excerpt":{"rendered":"<p>Kapela Helios pochodzi z S\u0119dziszowa. Jej liderem i g\u0142\u00f3wnym tw\u00f3rc\u0105 jest akordeonista i klawiszowiec Ryszard Kowalkowski, autor wi\u0119kszo\u015bci tekst\u00f3w oraz nazwy zespo\u0142u. Helios gra od lat 80., \u0142\u0105cz\u0105c muzyk\u0119 taneczn\u0105 i lokalny folklor regionu s\u0119dzi szowskiego, tworz\u0105c oryginalny i rozpoznawalny styl. CD1 (1) Polka \u2013 Dziewczynka spr\u0119\u017cynka, (2) Marsz \u2013 P\u0142ynie rzeka, (3) Polka \u2013 [&hellip;]<\/p>\n","protected":false},"featured_media":2639,"template":"","meta":{"_acf_changed":false},"product_brand":[103],"product_cat":[77,67,80],"product_tag":[],"class_list":{"0":"post-2604","1":"product","2":"type-product","3":"status-publish","4":"has-post-thumbnail","6":"product_brand-kapela-helios","7":"product_cat-muzyka-biesiadna","8":"product_cat-muzyka-ludowa","9":"product_cat-muzyka-weselna","11":"first","12":"instock","13":"shipping-taxable","14":"purchasable","15":"product-type-simple"},"acf":[],"jetpack_sharing_enabled":true,"_links":{"self":[{"href":"https:\/\/unomusicsklep.pl\/index.php?rest_route=\/wp\/v2\/product\/2604","targetHints":{"allow":["GET"]}}],"collection":[{"href":"https:\/\/unomusicsklep.pl\/index.php?rest_route=\/wp\/v2\/product"}],"about":[{"href":"https:\/\/unomusicsklep.pl\/index.php?rest_route=\/wp\/v2\/types\/product"}],"wp:featuredmedia":[{"embeddable":true,"href":"https:\/\/unomusicsklep.pl\/index.php?rest_route=\/wp\/v2\/media\/2639"}],"wp:attachment":[{"href":"https:\/\/unomusicsklep.pl\/index.php?rest_route=%2Fwp%2Fv2%2Fmedia&parent=2604"}],"wp:term":[{"taxonomy":"product_brand","embeddable":true,"href":"https:\/\/unomusicsklep.pl\/index.php?rest_route=%2Fwp%2Fv2%2Fproduct_brand&post=2604"},{"taxonomy":"product_cat","embeddable":true,"href":"https:\/\/unomusicsklep.pl\/index.php?rest_route=%2Fwp%2Fv2%2Fproduct_cat&post=2604"},{"taxonomy":"product_tag","embeddable":true,"href":"https:\/\/unomusicsklep.pl\/index.php?rest_route=%2Fwp%2Fv2%2Fproduct_tag&post=2604"}],"curies":[{"name":"wp","href":"https:\/\/api.w.org\/{rel}","templated":true}]}}