{"id":2856,"date":"2025-08-14T12:11:31","date_gmt":"2025-08-14T10:11:31","guid":{"rendered":"http:\/\/localhost\/strona%20uno\/wordpress\/?product=rozne-kapele-swietokrzyski-przeglad-kapel-ludowych-i-weselnych"},"modified":"2025-08-21T10:41:39","modified_gmt":"2025-08-21T08:41:39","slug":"rozne-kapele-swietokrzyski-przeglad-kapel-ludowych-i-weselnych","status":"publish","type":"product","link":"https:\/\/unomusicsklep.pl\/?product=rozne-kapele-swietokrzyski-przeglad-kapel-ludowych-i-weselnych","title":{"rendered":"R\u00f3\u017cne kapele &#8211; \u015awi\u0119tokrzyski przegl\u0105d kapel ludowych i weselnych"},"content":{"rendered":"<pre>CD1 (1) J\u0118DRZEJ \u2013 Co mam zrobi\u0107?, (2) IMPRESS \u2013 Cztery c\u00f3ry, (3) AWANS \u2013 Ciemny las, \r\n(4) ALBATROS \u2013 Katarina, (5) LUBCZA \u2013 B\u0119dziesz pi\u0142a, (6) BRATERS \u2013 Oj, wiano, moje wiano, \r\n(7) HELIOS \u2013 P\u0142ynie rzeka od strumyka, (8) TOP SECRET \u2013 Pi\u0119kna kochanecka, \r\n(9) PIERCZNICZANIE \u2013 W kumorze, w kumorze, (10) J\u0118DRZEJ \u2013 Wida\u0107 si\u0119 starzej\u0119, \r\n(11) IMPRESS \u2013 Dziadek i babka, (12) ALBATROS \u2013 Czerwona r\u00f3\u017ca, (13) BRATERS \u2013 Jak mnie mocie \u017ceni\u0107, \r\n(14) HELIOS \u2013 Hej! Ha, s\u0142uchaj!, (15) TOP SECRET \u2013 Przyszed\u0142em z wesela, (16) LUBCZA \u2013 C\u00f3\u017ces, ty Mary\u015b<\/pre>\n","protected":false},"excerpt":{"rendered":"<p>CD1 (1) J\u0118DRZEJ \u2013 Co mam zrobi\u0107?, (2) IMPRESS \u2013 Cztery c\u00f3ry, (3) AWANS \u2013 Ciemny las, (4) ALBATROS \u2013 Katarina, (5) LUBCZA \u2013 B\u0119dziesz pi\u0142a, (6) BRATERS \u2013 Oj, wiano, moje wiano, (7) HELIOS \u2013 P\u0142ynie rzeka od strumyka, (8) TOP SECRET \u2013 Pi\u0119kna kochanecka, (9) PIERCZNICZANIE \u2013 W kumorze, w kumorze, (10) J\u0118DRZEJ [&hellip;]<\/p>\n","protected":false},"featured_media":2923,"template":"","meta":{"_acf_changed":false},"product_brand":[85],"product_cat":[77,67,80],"product_tag":[],"class_list":{"0":"post-2856","1":"product","2":"type-product","3":"status-publish","4":"has-post-thumbnail","6":"product_brand-rozne-kapele","7":"product_cat-muzyka-biesiadna","8":"product_cat-muzyka-ludowa","9":"product_cat-muzyka-weselna","11":"first","12":"instock","13":"shipping-taxable","14":"purchasable","15":"product-type-simple"},"acf":[],"jetpack_sharing_enabled":true,"_links":{"self":[{"href":"https:\/\/unomusicsklep.pl\/index.php?rest_route=\/wp\/v2\/product\/2856","targetHints":{"allow":["GET"]}}],"collection":[{"href":"https:\/\/unomusicsklep.pl\/index.php?rest_route=\/wp\/v2\/product"}],"about":[{"href":"https:\/\/unomusicsklep.pl\/index.php?rest_route=\/wp\/v2\/types\/product"}],"wp:featuredmedia":[{"embeddable":true,"href":"https:\/\/unomusicsklep.pl\/index.php?rest_route=\/wp\/v2\/media\/2923"}],"wp:attachment":[{"href":"https:\/\/unomusicsklep.pl\/index.php?rest_route=%2Fwp%2Fv2%2Fmedia&parent=2856"}],"wp:term":[{"taxonomy":"product_brand","embeddable":true,"href":"https:\/\/unomusicsklep.pl\/index.php?rest_route=%2Fwp%2Fv2%2Fproduct_brand&post=2856"},{"taxonomy":"product_cat","embeddable":true,"href":"https:\/\/unomusicsklep.pl\/index.php?rest_route=%2Fwp%2Fv2%2Fproduct_cat&post=2856"},{"taxonomy":"product_tag","embeddable":true,"href":"https:\/\/unomusicsklep.pl\/index.php?rest_route=%2Fwp%2Fv2%2Fproduct_tag&post=2856"}],"curies":[{"name":"wp","href":"https:\/\/api.w.org\/{rel}","templated":true}]}}