{"id":2860,"date":"2025-08-14T12:11:31","date_gmt":"2025-08-14T10:11:31","guid":{"rendered":"http:\/\/localhost\/strona%20uno\/wordpress\/?product=kapela-weselna-jedrzej-jedrzej-cz-3"},"modified":"2025-08-21T10:45:30","modified_gmt":"2025-08-21T08:45:30","slug":"kapela-weselna-jedrzej-jedrzej-cz-3","status":"publish","type":"product","link":"https:\/\/unomusicsklep.pl\/?product=kapela-weselna-jedrzej-jedrzej-cz-3","title":{"rendered":"Kapela weselna J\u0119drzej &#8211; J\u0118DRZEJ cz.3"},"content":{"rendered":"<pre>Kapela J\u0119drzej - znanego solisty - Andrzeja S\u0142\u00f3\u017calca \r\nzawiera w swojej muzyce tradycje technicznego \r\nsposobu grania muzyki ludowej z regionu J\u0119drze\r\njowskiego. Andrzej S\u0142\u00f3\u017calec to prawdziwy mi\u0142o\u015bnik \r\nmuzyki ludowej. Zawsze dobiera\u0142 sobie znako\r\nmitych instrumentalist\u00f3w, kt\u00f3zy grali i uczyli si\u0119 \r\nfachu od takich legend jak: . Ta p\u0142yta jest uk\u0142onem \r\nw kierunku muzyki tanecznej granej na weselach i \r\nzabawach.\r\n\r\nCD1 (1) W tym naszym Potoku, (2) Na potockim bagnie, (3) Nie zdob\u0119dziesz mnie dniem,\r\n(4) W ty zielony studni, (5) Ch\u0142opski oberek, (6) Budz\u0119 si\u0119 rano, (7) Co mom zrobi\u0107, \r\n(8) Na dworcu g\u0142\u00f3wnym, (9) Do sklepu na dole, (10) Walc Jawora, (11) Polka Kasica, \r\n(12) Co robi\u0105 ludzie, (13) Oczka nie znane, (14) Starej babie, (15) Moja\u015b Ty, \r\n(16) Marsz \u2013 Naprz\u00f3d idziemy<\/pre>\n","protected":false},"excerpt":{"rendered":"<p>Kapela J\u0119drzej &#8211; znanego solisty &#8211; Andrzeja S\u0142\u00f3\u017calca zawiera w swojej muzyce tradycje technicznego sposobu grania muzyki ludowej z regionu J\u0119drze jowskiego. Andrzej S\u0142\u00f3\u017calec to prawdziwy mi\u0142o\u015bnik muzyki ludowej. Zawsze dobiera\u0142 sobie znako mitych instrumentalist\u00f3w, kt\u00f3zy grali i uczyli si\u0119 fachu od takich legend jak: . Ta p\u0142yta jest uk\u0142onem w kierunku muzyki tanecznej granej [&hellip;]<\/p>\n","protected":false},"featured_media":2919,"template":"","meta":{"_acf_changed":false},"product_brand":[89],"product_cat":[77,67,80],"product_tag":[],"class_list":{"0":"post-2860","1":"product","2":"type-product","3":"status-publish","4":"has-post-thumbnail","6":"product_brand-kapela-weselna-jedrzej","7":"product_cat-muzyka-biesiadna","8":"product_cat-muzyka-ludowa","9":"product_cat-muzyka-weselna","11":"first","12":"instock","13":"shipping-taxable","14":"purchasable","15":"product-type-simple"},"acf":[],"jetpack_sharing_enabled":true,"_links":{"self":[{"href":"https:\/\/unomusicsklep.pl\/index.php?rest_route=\/wp\/v2\/product\/2860","targetHints":{"allow":["GET"]}}],"collection":[{"href":"https:\/\/unomusicsklep.pl\/index.php?rest_route=\/wp\/v2\/product"}],"about":[{"href":"https:\/\/unomusicsklep.pl\/index.php?rest_route=\/wp\/v2\/types\/product"}],"wp:featuredmedia":[{"embeddable":true,"href":"https:\/\/unomusicsklep.pl\/index.php?rest_route=\/wp\/v2\/media\/2919"}],"wp:attachment":[{"href":"https:\/\/unomusicsklep.pl\/index.php?rest_route=%2Fwp%2Fv2%2Fmedia&parent=2860"}],"wp:term":[{"taxonomy":"product_brand","embeddable":true,"href":"https:\/\/unomusicsklep.pl\/index.php?rest_route=%2Fwp%2Fv2%2Fproduct_brand&post=2860"},{"taxonomy":"product_cat","embeddable":true,"href":"https:\/\/unomusicsklep.pl\/index.php?rest_route=%2Fwp%2Fv2%2Fproduct_cat&post=2860"},{"taxonomy":"product_tag","embeddable":true,"href":"https:\/\/unomusicsklep.pl\/index.php?rest_route=%2Fwp%2Fv2%2Fproduct_tag&post=2860"}],"curies":[{"name":"wp","href":"https:\/\/api.w.org\/{rel}","templated":true}]}}