{"id":2861,"date":"2025-08-14T12:11:32","date_gmt":"2025-08-14T10:11:32","guid":{"rendered":"http:\/\/localhost\/strona%20uno\/wordpress\/?product=kapela-weselna-stanislawa-malickiego-kapela-weselna-stanislawa-malickiego-cz-1"},"modified":"2025-08-22T17:32:55","modified_gmt":"2025-08-22T15:32:55","slug":"kapela-weselna-stanislawa-malickiego-kapela-weselna-stanislawa-malickiego-cz-1","status":"publish","type":"product","link":"https:\/\/unomusicsklep.pl\/?product=kapela-weselna-stanislawa-malickiego-kapela-weselna-stanislawa-malickiego-cz-1","title":{"rendered":"Kapela Weselna Stanis\u0142awa Malickiego &#8211; Kapela Weselna Stanis\u0142awa Malickiego cz.1"},"content":{"rendered":"<pre>Kapela Stanis\u0142awa Malickiego (Kapele Kieleckie)\r\nKapela Stanis\u0142awa Malickiego to do\u015bwiadczony \r\nzesp\u00f3\u0142 z bogatym dorobkiem, \u0142\u0105cz\u0105cy wokalne i \r\ninstrumentalne talenty. Lider, Stanis\u0142aw Malicki, od\r\npowiada za teksty i \u015bpiew, pokazuj\u0105c r\u00f3wnie\u017c kunszt \r\ngry na akordeonie. W sk\u0142adzie wyr\u00f3\u017cniaj\u0105 si\u0119 tak\u017ce \r\nGustaw Haras oraz saksofonista Micha\u0142 Siemieniec, \r\nkt\u00f3ry wzbogaca brzmienie grupy. Kapela prezentuje \r\nmuzyk\u0119 ludow\u0105 i weseln\u0105 pe\u0142n\u0105 energii i rado\u015bci\r\n\r\nCD1 (1) Polka przywitalna, (2) Kolejarzu bidny, (3) Polka \u2013 Tir\u00f3wka, (4) Walczyk z S\u0119dziszowa, \r\n(5) Polka od Gniewi\u0119cina, (6) W zielonym sadzie (wersja instrumentalna), (7) Walczyk \u2013 Matulu moja, \r\n(8) Ca\u0142owa\u0107 to nie grzech, (9) Ch\u0142opak muzykalny, (10) Oberek od J\u0119drzejowa, \r\n(11) Walczyk \u2013 Jestem ja m\u0142oda dziewczyna, (12) Polka od Wodzis\u0142awia, (13) Walczyk \u2013 Le\u015bna dro\u017cyna, \r\n(14) Oberek weselny, (15) Marsz weselny, (16) Krakowiak, (17) Fokstrot \u2013 Jade jo se z J\u0119drzejowa\r\n(18) W zielonym sadzie\r\n\r\n<\/pre>\n","protected":false},"excerpt":{"rendered":"<p>Kapela Stanis\u0142awa Malickiego (Kapele Kieleckie) Kapela Stanis\u0142awa Malickiego to do\u015bwiadczony zesp\u00f3\u0142 z bogatym dorobkiem, \u0142\u0105cz\u0105cy wokalne i instrumentalne talenty. Lider, Stanis\u0142aw Malicki, od powiada za teksty i \u015bpiew, pokazuj\u0105c r\u00f3wnie\u017c kunszt gry na akordeonie. W sk\u0142adzie wyr\u00f3\u017cniaj\u0105 si\u0119 tak\u017ce Gustaw Haras oraz saksofonista Micha\u0142 Siemieniec, kt\u00f3ry wzbogaca brzmienie grupy. Kapela prezentuje muzyk\u0119 ludow\u0105 i weseln\u0105 [&hellip;]<\/p>\n","protected":false},"featured_media":2918,"template":"","meta":{"_acf_changed":false},"product_brand":[90],"product_cat":[77,67,80],"product_tag":[],"class_list":{"0":"post-2861","1":"product","2":"type-product","3":"status-publish","4":"has-post-thumbnail","6":"product_brand-kapela-weselna-stanislawa-malickiego","7":"product_cat-muzyka-biesiadna","8":"product_cat-muzyka-ludowa","9":"product_cat-muzyka-weselna","11":"first","12":"instock","13":"shipping-taxable","14":"purchasable","15":"product-type-simple"},"acf":[],"jetpack_sharing_enabled":true,"_links":{"self":[{"href":"https:\/\/unomusicsklep.pl\/index.php?rest_route=\/wp\/v2\/product\/2861","targetHints":{"allow":["GET"]}}],"collection":[{"href":"https:\/\/unomusicsklep.pl\/index.php?rest_route=\/wp\/v2\/product"}],"about":[{"href":"https:\/\/unomusicsklep.pl\/index.php?rest_route=\/wp\/v2\/types\/product"}],"wp:featuredmedia":[{"embeddable":true,"href":"https:\/\/unomusicsklep.pl\/index.php?rest_route=\/wp\/v2\/media\/2918"}],"wp:attachment":[{"href":"https:\/\/unomusicsklep.pl\/index.php?rest_route=%2Fwp%2Fv2%2Fmedia&parent=2861"}],"wp:term":[{"taxonomy":"product_brand","embeddable":true,"href":"https:\/\/unomusicsklep.pl\/index.php?rest_route=%2Fwp%2Fv2%2Fproduct_brand&post=2861"},{"taxonomy":"product_cat","embeddable":true,"href":"https:\/\/unomusicsklep.pl\/index.php?rest_route=%2Fwp%2Fv2%2Fproduct_cat&post=2861"},{"taxonomy":"product_tag","embeddable":true,"href":"https:\/\/unomusicsklep.pl\/index.php?rest_route=%2Fwp%2Fv2%2Fproduct_tag&post=2861"}],"curies":[{"name":"wp","href":"https:\/\/api.w.org\/{rel}","templated":true}]}}