{"id":2864,"date":"2025-08-14T12:11:32","date_gmt":"2025-08-14T10:11:32","guid":{"rendered":"http:\/\/localhost\/strona%20uno\/wordpress\/?product=kapela-siedleczanie-siedleczanie"},"modified":"2025-08-21T10:53:14","modified_gmt":"2025-08-21T08:53:14","slug":"kapela-siedleczanie-siedleczanie","status":"publish","type":"product","link":"https:\/\/unomusicsklep.pl\/?product=kapela-siedleczanie-siedleczanie","title":{"rendered":"Kapela Siedleczanie &#8211; Siedleczanie"},"content":{"rendered":"<pre>Zesp\u00f3\u0142 Siedlecczanie dzia\u0142a nieprzerwanie od \r\n1984 roku, powsta\u0142 z inicjatywy Stanis\u0142awy \r\n\u017b\u0105deckiej, kt\u00f3ra do dzi\u015b jest jego kierowniczk\u0105 \r\noraz autork\u0105 wi\u0119kszo\u015bci tekst\u00f3w. Grupa ma w \r\ndorobku ponad 730 wyst\u0119p\u00f3w w Polsce i za \r\ngranic\u0105, prezentuj\u0105c pie\u015bni patriotyczne z okresu \r\nInsurekcji Ko\u015bciuszkowskiej, ballady ludowe, \r\npie\u015bni partyzanckie i okoliczno\u015bciowe,\r\n\r\nCD1 (1) Olszyna, (2) \u017beby pod Siedlcami, (3) W Kieleckiej Ziemi mieszkam, (4) Na brzegu przeprawy, \r\n(5) M\u00f3wi\u0142a mi mama, (6) Pod lasem, pod lasem, (7) W Krakowie, (8) Jakie \u017cycie jest pi\u0119kne, \r\n(9) Zasn\u0119\u0142a dziewczyna, (10) Jak mi si\u0119 zalico\u0142 Ch\u0119cinianek jeden, (11) Jest \u015bcie\u017cka w lesie, \r\n(12) Oj, nie kochoj dziewczyno, (13) Bili si\u0119 ch\u0142opcy, (14) W cieniu altany, (15) U\u017cywaj p\u00f3ki\u015b m\u0142ody, \r\n(16) So\u0142tys z W\u0105chocka, (17) No i jeszcze co\u015b, (18) Moja Kielecczyzna, (19) Na w\u00f3jtowy roli<\/pre>\n","protected":false},"excerpt":{"rendered":"<p>Zesp\u00f3\u0142 Siedlecczanie dzia\u0142a nieprzerwanie od 1984 roku, powsta\u0142 z inicjatywy Stanis\u0142awy \u017b\u0105deckiej, kt\u00f3ra do dzi\u015b jest jego kierowniczk\u0105 oraz autork\u0105 wi\u0119kszo\u015bci tekst\u00f3w. Grupa ma w dorobku ponad 730 wyst\u0119p\u00f3w w Polsce i za granic\u0105, prezentuj\u0105c pie\u015bni patriotyczne z okresu Insurekcji Ko\u015bciuszkowskiej, ballady ludowe, pie\u015bni partyzanckie i okoliczno\u015bciowe, CD1 (1) Olszyna, (2) \u017beby pod Siedlcami, (3) [&hellip;]<\/p>\n","protected":false},"featured_media":2915,"template":"","meta":{"_acf_changed":false},"product_brand":[92],"product_cat":[77,67,80],"product_tag":[],"class_list":{"0":"post-2864","1":"product","2":"type-product","3":"status-publish","4":"has-post-thumbnail","6":"product_brand-kapela-siedleczanie","7":"product_cat-muzyka-biesiadna","8":"product_cat-muzyka-ludowa","9":"product_cat-muzyka-weselna","11":"first","12":"instock","13":"shipping-taxable","14":"purchasable","15":"product-type-simple"},"acf":[],"jetpack_sharing_enabled":true,"_links":{"self":[{"href":"https:\/\/unomusicsklep.pl\/index.php?rest_route=\/wp\/v2\/product\/2864","targetHints":{"allow":["GET"]}}],"collection":[{"href":"https:\/\/unomusicsklep.pl\/index.php?rest_route=\/wp\/v2\/product"}],"about":[{"href":"https:\/\/unomusicsklep.pl\/index.php?rest_route=\/wp\/v2\/types\/product"}],"wp:featuredmedia":[{"embeddable":true,"href":"https:\/\/unomusicsklep.pl\/index.php?rest_route=\/wp\/v2\/media\/2915"}],"wp:attachment":[{"href":"https:\/\/unomusicsklep.pl\/index.php?rest_route=%2Fwp%2Fv2%2Fmedia&parent=2864"}],"wp:term":[{"taxonomy":"product_brand","embeddable":true,"href":"https:\/\/unomusicsklep.pl\/index.php?rest_route=%2Fwp%2Fv2%2Fproduct_brand&post=2864"},{"taxonomy":"product_cat","embeddable":true,"href":"https:\/\/unomusicsklep.pl\/index.php?rest_route=%2Fwp%2Fv2%2Fproduct_cat&post=2864"},{"taxonomy":"product_tag","embeddable":true,"href":"https:\/\/unomusicsklep.pl\/index.php?rest_route=%2Fwp%2Fv2%2Fproduct_tag&post=2864"}],"curies":[{"name":"wp","href":"https:\/\/api.w.org\/{rel}","templated":true}]}}