{"id":3253,"date":"2025-08-21T12:03:37","date_gmt":"2025-08-21T10:03:37","guid":{"rendered":"https:\/\/unomusic.dfirma.pl\/?product=kapela-swietokrzyska-frywolne-przyspiewki-ludowe-i-weselne-cz-4"},"modified":"2025-08-22T17:28:14","modified_gmt":"2025-08-22T15:28:14","slug":"kapela-swietokrzyska-frywolne-przyspiewki-ludowe-i-weselne-cz-4","status":"publish","type":"product","link":"https:\/\/unomusicsklep.pl\/?product=kapela-swietokrzyska-frywolne-przyspiewki-ludowe-i-weselne-cz-4","title":{"rendered":"Kapela \u015awi\u0119tokrzyska &#8211; Frywolne przy\u015bpiewki ludowe i weselne cz.4"},"content":{"rendered":"<pre>Kapela \u015awi\u0119tokrzyska powsta\u0142a w 2002 roku z inicjatywy \r\nMariana Kwietnia. Zesp\u00f3\u0142 wykonuje muzyk\u0119 inspirowan\u0105 \r\ntradycjami regionu \u015bwi\u0119tokrzyskiego, wzbogacon\u0105 \r\nelementami miejskich kapel podw\u00f3rkowych. Atutem grupy \r\ns\u0105 autorskie, trafne i cz\u0119sto dowcipne teksty Aleksandry \r\nCie\u015blak. Kapela wyst\u0105pi\u0142a na ponad 200 koncertach, \r\nzdobywaj\u0105c liczne nagrody i uznanie publiczno\u015bci.\r\n\r\nCD1 (1) Mia\u0142a baba, (2) Ta\u0144cuj, ta\u0144cuj, (3) S\u0142u\u017cy\u0107 Ci u Pana, (4) Wiosno moja, \r\n(5) Walentyn pi\u0142oku!, (6) M\u0142odo\u015b\u0107, (7) Leco\u0142 pies przez pole, (8) Zuzia, \r\n(9) Do przyjaciela, (10) Hej, dziewuszko, (11) Hu\u015btaj mnie, hu\u015btaj, \r\n(12) Baby i ch\u0142opy, (13) Zaczarowany \u015bwiat, (14) To i da, da, \r\n(15) Zabawa w remizie, (16) Praca w polu, (17) Tam za stodo\u0142\u0105, (18) Dziewczyny z kieleckiego<\/pre>\n","protected":false},"excerpt":{"rendered":"<p>Kapela \u015awi\u0119tokrzyska powsta\u0142a w 2002 roku z inicjatywy Mariana Kwietnia. Zesp\u00f3\u0142 wykonuje muzyk\u0119 inspirowan\u0105 tradycjami regionu \u015bwi\u0119tokrzyskiego, wzbogacon\u0105 elementami miejskich kapel podw\u00f3rkowych. Atutem grupy s\u0105 autorskie, trafne i cz\u0119sto dowcipne teksty Aleksandry Cie\u015blak. Kapela wyst\u0105pi\u0142a na ponad 200 koncertach, zdobywaj\u0105c liczne nagrody i uznanie publiczno\u015bci. CD1 (1) Mia\u0142a baba, (2) Ta\u0144cuj, ta\u0144cuj, (3) S\u0142u\u017cy\u0107 Ci [&hellip;]<\/p>\n","protected":false},"featured_media":3348,"template":"","meta":{"_acf_changed":false},"product_brand":[87],"product_cat":[77,67,80],"product_tag":[],"class_list":{"0":"post-3253","1":"product","2":"type-product","3":"status-publish","4":"has-post-thumbnail","6":"product_brand-kapela-swietokrzyska","7":"product_cat-muzyka-biesiadna","8":"product_cat-muzyka-ludowa","9":"product_cat-muzyka-weselna","11":"first","12":"instock","13":"shipping-taxable","14":"purchasable","15":"product-type-simple"},"acf":[],"jetpack_sharing_enabled":true,"_links":{"self":[{"href":"https:\/\/unomusicsklep.pl\/index.php?rest_route=\/wp\/v2\/product\/3253","targetHints":{"allow":["GET"]}}],"collection":[{"href":"https:\/\/unomusicsklep.pl\/index.php?rest_route=\/wp\/v2\/product"}],"about":[{"href":"https:\/\/unomusicsklep.pl\/index.php?rest_route=\/wp\/v2\/types\/product"}],"wp:featuredmedia":[{"embeddable":true,"href":"https:\/\/unomusicsklep.pl\/index.php?rest_route=\/wp\/v2\/media\/3348"}],"wp:attachment":[{"href":"https:\/\/unomusicsklep.pl\/index.php?rest_route=%2Fwp%2Fv2%2Fmedia&parent=3253"}],"wp:term":[{"taxonomy":"product_brand","embeddable":true,"href":"https:\/\/unomusicsklep.pl\/index.php?rest_route=%2Fwp%2Fv2%2Fproduct_brand&post=3253"},{"taxonomy":"product_cat","embeddable":true,"href":"https:\/\/unomusicsklep.pl\/index.php?rest_route=%2Fwp%2Fv2%2Fproduct_cat&post=3253"},{"taxonomy":"product_tag","embeddable":true,"href":"https:\/\/unomusicsklep.pl\/index.php?rest_route=%2Fwp%2Fv2%2Fproduct_tag&post=3253"}],"curies":[{"name":"wp","href":"https:\/\/api.w.org\/{rel}","templated":true}]}}