{"id":3255,"date":"2025-08-21T12:03:38","date_gmt":"2025-08-21T10:03:38","guid":{"rendered":"https:\/\/unomusic.dfirma.pl\/?product=zespol-weselny-vokall-a-w-tej-ameryce"},"modified":"2025-08-22T17:22:46","modified_gmt":"2025-08-22T15:22:46","slug":"zespol-weselny-vokall-a-w-tej-ameryce","status":"publish","type":"product","link":"https:\/\/unomusicsklep.pl\/?product=zespol-weselny-vokall-a-w-tej-ameryce","title":{"rendered":"zesp\u00f3\u0142 weselny VOKALL &#8211; A w tej Ameryce&#8230;"},"content":{"rendered":"<pre>Zesp\u00f3\u0142 Vokall to kapela weselna inspiruj\u0105ca si\u0119 \r\nmuzyk\u0105 biesiadn\u0105 i ludow\u0105 z regionu Ponidzia. \r\nIch muzyka to taneczne, melodyjne i \u0142atwo \r\nwpadaj\u0105ce do ucha utwory muzyczne zagrane \r\nw \u017cywio\u0142owy spos\u00f3b.\r\n\r\nCD1 (1) A w tej Ameryce, (2) Kamienica, (3) Chodzi dziewcz\u0119 po lesie, (4) Rozstanie, \r\n(5) Czas rezerwy, (6) Dziurki, (7) Karolina, (8) Korczynianka, (9) A muzyka gra, \r\n(10) Polka po zagonach, (11) Jad\u0105 kupcy, (12) Madonna, (13) Wesele kolegi, \r\n(14) Zachodzi s\u0142oneczko, (15) Polka Schody<\/pre>\n","protected":false},"excerpt":{"rendered":"<p>Zesp\u00f3\u0142 Vokall to kapela weselna inspiruj\u0105ca si\u0119 muzyk\u0105 biesiadn\u0105 i ludow\u0105 z regionu Ponidzia. Ich muzyka to taneczne, melodyjne i \u0142atwo wpadaj\u0105ce do ucha utwory muzyczne zagrane w \u017cywio\u0142owy spos\u00f3b. CD1 (1) A w tej Ameryce, (2) Kamienica, (3) Chodzi dziewcz\u0119 po lesie, (4) Rozstanie, (5) Czas rezerwy, (6) Dziurki, (7) Karolina, (8) Korczynianka, (9) [&hellip;]<\/p>\n","protected":false},"featured_media":3346,"template":"","meta":{"_acf_changed":false},"product_brand":[101],"product_cat":[77,67],"product_tag":[],"class_list":{"0":"post-3255","1":"product","2":"type-product","3":"status-publish","4":"has-post-thumbnail","6":"product_brand-zespol-weselny-vokall","7":"product_cat-muzyka-biesiadna","8":"product_cat-muzyka-ludowa","10":"first","11":"instock","12":"shipping-taxable","13":"purchasable","14":"product-type-simple"},"acf":[],"jetpack_sharing_enabled":true,"_links":{"self":[{"href":"https:\/\/unomusicsklep.pl\/index.php?rest_route=\/wp\/v2\/product\/3255","targetHints":{"allow":["GET"]}}],"collection":[{"href":"https:\/\/unomusicsklep.pl\/index.php?rest_route=\/wp\/v2\/product"}],"about":[{"href":"https:\/\/unomusicsklep.pl\/index.php?rest_route=\/wp\/v2\/types\/product"}],"wp:featuredmedia":[{"embeddable":true,"href":"https:\/\/unomusicsklep.pl\/index.php?rest_route=\/wp\/v2\/media\/3346"}],"wp:attachment":[{"href":"https:\/\/unomusicsklep.pl\/index.php?rest_route=%2Fwp%2Fv2%2Fmedia&parent=3255"}],"wp:term":[{"taxonomy":"product_brand","embeddable":true,"href":"https:\/\/unomusicsklep.pl\/index.php?rest_route=%2Fwp%2Fv2%2Fproduct_brand&post=3255"},{"taxonomy":"product_cat","embeddable":true,"href":"https:\/\/unomusicsklep.pl\/index.php?rest_route=%2Fwp%2Fv2%2Fproduct_cat&post=3255"},{"taxonomy":"product_tag","embeddable":true,"href":"https:\/\/unomusicsklep.pl\/index.php?rest_route=%2Fwp%2Fv2%2Fproduct_tag&post=3255"}],"curies":[{"name":"wp","href":"https:\/\/api.w.org\/{rel}","templated":true}]}}