{"id":3258,"date":"2025-08-21T12:03:39","date_gmt":"2025-08-21T10:03:39","guid":{"rendered":"https:\/\/unomusic.dfirma.pl\/?product=kapela-weselna-gniewczanie"},"modified":"2025-08-22T15:34:38","modified_gmt":"2025-08-22T13:34:38","slug":"kapela-weselna-gniewczanie","status":"publish","type":"product","link":"https:\/\/unomusicsklep.pl\/?product=kapela-weselna-gniewczanie","title":{"rendered":"Kapela weselna Gniewi\u0119canie"},"content":{"rendered":"<pre>Kapela Gniewi\u0119canie to kapela z regionu \r\nS\u0119dziszowskiego. Kapela za\u0142o\u017cona przez \r\nHenryka Adamskiego graj\u0105cego na akordeonie, \r\nlegende muzyki ludowej z tego regionu.\r\n\r\nCD1 (1) Przygoda w haremie, (2) Polka Ciotka, (3) Korsarze, (4) Pozna\u0107 ci\u0119 to pozna\u0107, \r\n(5) Zapomnisz, (6) Pod lasem, (7) Ci\u0119\u017ckie czasy, (8) Oberek tupany, (9) Wianeczek, \r\n(10) Walc zdrada, (11) Samotno\u015b\u0107, (12) Niespe\u0142nione marzenie, (13) Nie\u015bmia\u0142a, \r\n(14) Bajka, (15) Odrzucona mi\u0142o\u015b\u0107, (16) Jedna c\u00f3rka<\/pre>\n","protected":false},"excerpt":{"rendered":"<p>Kapela Gniewi\u0119canie to kapela z regionu S\u0119dziszowskiego. Kapela za\u0142o\u017cona przez Henryka Adamskiego graj\u0105cego na akordeonie, legende muzyki ludowej z tego regionu. CD1 (1) Przygoda w haremie, (2) Polka Ciotka, (3) Korsarze, (4) Pozna\u0107 ci\u0119 to pozna\u0107, (5) Zapomnisz, (6) Pod lasem, (7) Ci\u0119\u017ckie czasy, (8) Oberek tupany, (9) Wianeczek, (10) Walc zdrada, (11) Samotno\u015b\u0107, (12) [&hellip;]<\/p>\n","protected":false},"featured_media":3337,"template":"","meta":{"_acf_changed":false},"product_brand":[112],"product_cat":[77,67,80],"product_tag":[],"class_list":{"0":"post-3258","1":"product","2":"type-product","3":"status-publish","4":"has-post-thumbnail","6":"product_brand-kapela-weselna-gniewczanie","7":"product_cat-muzyka-biesiadna","8":"product_cat-muzyka-ludowa","9":"product_cat-muzyka-weselna","11":"first","12":"instock","13":"shipping-taxable","14":"purchasable","15":"product-type-simple"},"acf":[],"jetpack_sharing_enabled":true,"_links":{"self":[{"href":"https:\/\/unomusicsklep.pl\/index.php?rest_route=\/wp\/v2\/product\/3258","targetHints":{"allow":["GET"]}}],"collection":[{"href":"https:\/\/unomusicsklep.pl\/index.php?rest_route=\/wp\/v2\/product"}],"about":[{"href":"https:\/\/unomusicsklep.pl\/index.php?rest_route=\/wp\/v2\/types\/product"}],"wp:featuredmedia":[{"embeddable":true,"href":"https:\/\/unomusicsklep.pl\/index.php?rest_route=\/wp\/v2\/media\/3337"}],"wp:attachment":[{"href":"https:\/\/unomusicsklep.pl\/index.php?rest_route=%2Fwp%2Fv2%2Fmedia&parent=3258"}],"wp:term":[{"taxonomy":"product_brand","embeddable":true,"href":"https:\/\/unomusicsklep.pl\/index.php?rest_route=%2Fwp%2Fv2%2Fproduct_brand&post=3258"},{"taxonomy":"product_cat","embeddable":true,"href":"https:\/\/unomusicsklep.pl\/index.php?rest_route=%2Fwp%2Fv2%2Fproduct_cat&post=3258"},{"taxonomy":"product_tag","embeddable":true,"href":"https:\/\/unomusicsklep.pl\/index.php?rest_route=%2Fwp%2Fv2%2Fproduct_tag&post=3258"}],"curies":[{"name":"wp","href":"https:\/\/api.w.org\/{rel}","templated":true}]}}