{"id":3273,"date":"2025-08-21T12:16:10","date_gmt":"2025-08-21T10:16:10","guid":{"rendered":"https:\/\/unomusic.dfirma.pl\/?product=kapela-ludowa-andrusy-cz-2"},"modified":"2025-08-22T15:34:46","modified_gmt":"2025-08-22T13:34:46","slug":"kapela-ludowa-andrusy-cz-2","status":"publish","type":"product","link":"https:\/\/unomusicsklep.pl\/?product=kapela-ludowa-andrusy-cz-2","title":{"rendered":"Kapela ludowa Andrusy cz.2"},"content":{"rendered":"<pre>Kapela Andrusy przywo\u0142uje klimat dawnych prodmiejskich \r\nzabaw, maj\u00f3wek i wesel, graj\u0105c na tr\u0105bce, klarnecie, \r\nakordeonie i saksofonie. Ich muzyka \u0142\u0105czy autentyczne \r\numiej\u0119tno\u015bci z pasj\u0105.Zapewniaj\u0105 rado\u015b\u0107 i znakomit\u0105 atmosfer\u0119.\r\n\r\nCD1 (1) Tramwaj\u00f3wka, (2) Wysoki zomecek, (3) Kt\u00f3redy, kt\u00f3r\u0119dy, (4) Lipenka Andrusowska, \r\n(5) Polka z Gniewi\u0119cina, (6) Pami\u0119tasz saniami, (7) Oberek Moja Mary\u015b, (8) Jest dru\u017cyna jest, \r\n(9) Kwiaty po\u0142udnia, (10) Ksi\u0119\u017cyc nad Krakowem, (11) W ma\u0142ej kawiarni, (12) A gdy popatrz\u0119, \r\n(13) Polka G\u00f3rnianecka, (14) Polka \u015awi\u0119tokrzyska, (15) Oberek spod Lutomierza, (16) Andrusowski Marsz<\/pre>\n","protected":false},"excerpt":{"rendered":"<p>Kapela Andrusy przywo\u0142uje klimat dawnych prodmiejskich zabaw, maj\u00f3wek i wesel, graj\u0105c na tr\u0105bce, klarnecie, akordeonie i saksofonie. Ich muzyka \u0142\u0105czy autentyczne umiej\u0119tno\u015bci z pasj\u0105.Zapewniaj\u0105 rado\u015b\u0107 i znakomit\u0105 atmosfer\u0119. CD1 (1) Tramwaj\u00f3wka, (2) Wysoki zomecek, (3) Kt\u00f3redy, kt\u00f3r\u0119dy, (4) Lipenka Andrusowska, (5) Polka z Gniewi\u0119cina, (6) Pami\u0119tasz saniami, (7) Oberek Moja Mary\u015b, (8) Jest dru\u017cyna jest, [&hellip;]<\/p>\n","protected":false},"featured_media":3333,"template":"","meta":{"_acf_changed":false},"product_brand":[105],"product_cat":[77,67,80],"product_tag":[],"class_list":{"0":"post-3273","1":"product","2":"type-product","3":"status-publish","4":"has-post-thumbnail","6":"product_brand-kapela-ludowa-andrusy","7":"product_cat-muzyka-biesiadna","8":"product_cat-muzyka-ludowa","9":"product_cat-muzyka-weselna","11":"first","12":"instock","13":"shipping-taxable","14":"purchasable","15":"product-type-simple"},"acf":[],"jetpack_sharing_enabled":true,"_links":{"self":[{"href":"https:\/\/unomusicsklep.pl\/index.php?rest_route=\/wp\/v2\/product\/3273","targetHints":{"allow":["GET"]}}],"collection":[{"href":"https:\/\/unomusicsklep.pl\/index.php?rest_route=\/wp\/v2\/product"}],"about":[{"href":"https:\/\/unomusicsklep.pl\/index.php?rest_route=\/wp\/v2\/types\/product"}],"wp:featuredmedia":[{"embeddable":true,"href":"https:\/\/unomusicsklep.pl\/index.php?rest_route=\/wp\/v2\/media\/3333"}],"wp:attachment":[{"href":"https:\/\/unomusicsklep.pl\/index.php?rest_route=%2Fwp%2Fv2%2Fmedia&parent=3273"}],"wp:term":[{"taxonomy":"product_brand","embeddable":true,"href":"https:\/\/unomusicsklep.pl\/index.php?rest_route=%2Fwp%2Fv2%2Fproduct_brand&post=3273"},{"taxonomy":"product_cat","embeddable":true,"href":"https:\/\/unomusicsklep.pl\/index.php?rest_route=%2Fwp%2Fv2%2Fproduct_cat&post=3273"},{"taxonomy":"product_tag","embeddable":true,"href":"https:\/\/unomusicsklep.pl\/index.php?rest_route=%2Fwp%2Fv2%2Fproduct_tag&post=3273"}],"curies":[{"name":"wp","href":"https:\/\/api.w.org\/{rel}","templated":true}]}}