{"id":3279,"date":"2025-08-21T12:16:10","date_gmt":"2025-08-21T10:16:10","guid":{"rendered":"https:\/\/unomusic.dfirma.pl\/?product=kapela-jedrusie-power-folk"},"modified":"2025-08-22T15:23:43","modified_gmt":"2025-08-22T13:23:43","slug":"kapela-jedrusie-power-folk","status":"publish","type":"product","link":"https:\/\/unomusicsklep.pl\/?product=kapela-jedrusie-power-folk","title":{"rendered":"Kapela J\u0119drusie &#8211; Power Folk"},"content":{"rendered":"<pre>Kapela J\u0119drusie powsta\u0142a w 1999 roku, gdy grupa \r\nprzyjaci\u00f3\u0142 zafascynowanych folklorem ziemii \r\nKieleckiej postanowi\u0142a po\u0142\u0105czy\u0107 si\u0142y, i wsp\u00f3lnie \r\nrealizowa\u0107 swoje pasje. Ich muzyka to stylizacja \r\nmuzyki tradycyjnej z rytmami regae i ska, kt\u00f3ra \r\nmo\u017ce by\u0107 okre\u015blana jako power folk. Tradycyjne \r\n\u017cywio\u0142owe rytmy z g\u00f3r \u015awi\u0119tokrzyskich zosta\u0142y \r\nwzbogacone o wsp\u00f3\u0142czesne brzmienia i nowe interpretacje\r\n\r\nCD1 (1) Dobry Bo\u017ce, (2) I znowu nieprzespana noc, (3) Mazureczek, (4) Jak\u017cem jecho\u0142, \r\n(5) J\u0119drusiowe \u017cytko, (6) Jechali furmani, (7) Zap\u0142aka\u0142a, (8) \u017bycie jest tangiem, \r\n(9) G\u0142\u0119boka studzienka, (10) W ma\u0142ej kawiarni, (11) Krakowiak, (12) My s\u0105 ch\u0142opcy, \r\n(13) Zielen si\u0119 proso, (14) Lipka, (15) Pal\u0105 si\u0119 wi\u015bnie, (16) Zocha<\/pre>\n","protected":false},"excerpt":{"rendered":"<p>Kapela J\u0119drusie powsta\u0142a w 1999 roku, gdy grupa przyjaci\u00f3\u0142 zafascynowanych folklorem ziemii Kieleckiej postanowi\u0142a po\u0142\u0105czy\u0107 si\u0142y, i wsp\u00f3lnie realizowa\u0107 swoje pasje. Ich muzyka to stylizacja muzyki tradycyjnej z rytmami regae i ska, kt\u00f3ra mo\u017ce by\u0107 okre\u015blana jako power folk. Tradycyjne \u017cywio\u0142owe rytmy z g\u00f3r \u015awi\u0119tokrzyskich zosta\u0142y wzbogacone o wsp\u00f3\u0142czesne brzmienia i nowe interpretacje CD1 (1) [&hellip;]<\/p>\n","protected":false},"featured_media":3321,"template":"","meta":{"_acf_changed":false},"product_brand":[123],"product_cat":[77,67,80],"product_tag":[],"class_list":{"0":"post-3279","1":"product","2":"type-product","3":"status-publish","4":"has-post-thumbnail","6":"product_brand-kapela-jedrusie","7":"product_cat-muzyka-biesiadna","8":"product_cat-muzyka-ludowa","9":"product_cat-muzyka-weselna","11":"first","12":"instock","13":"shipping-taxable","14":"purchasable","15":"product-type-simple"},"acf":[],"jetpack_sharing_enabled":true,"_links":{"self":[{"href":"https:\/\/unomusicsklep.pl\/index.php?rest_route=\/wp\/v2\/product\/3279","targetHints":{"allow":["GET"]}}],"collection":[{"href":"https:\/\/unomusicsklep.pl\/index.php?rest_route=\/wp\/v2\/product"}],"about":[{"href":"https:\/\/unomusicsklep.pl\/index.php?rest_route=\/wp\/v2\/types\/product"}],"wp:featuredmedia":[{"embeddable":true,"href":"https:\/\/unomusicsklep.pl\/index.php?rest_route=\/wp\/v2\/media\/3321"}],"wp:attachment":[{"href":"https:\/\/unomusicsklep.pl\/index.php?rest_route=%2Fwp%2Fv2%2Fmedia&parent=3279"}],"wp:term":[{"taxonomy":"product_brand","embeddable":true,"href":"https:\/\/unomusicsklep.pl\/index.php?rest_route=%2Fwp%2Fv2%2Fproduct_brand&post=3279"},{"taxonomy":"product_cat","embeddable":true,"href":"https:\/\/unomusicsklep.pl\/index.php?rest_route=%2Fwp%2Fv2%2Fproduct_cat&post=3279"},{"taxonomy":"product_tag","embeddable":true,"href":"https:\/\/unomusicsklep.pl\/index.php?rest_route=%2Fwp%2Fv2%2Fproduct_tag&post=3279"}],"curies":[{"name":"wp","href":"https:\/\/api.w.org\/{rel}","templated":true}]}}