{"id":3361,"date":"2025-08-22T17:45:56","date_gmt":"2025-08-22T15:45:56","guid":{"rendered":"https:\/\/unomusic.dfirma.pl\/?product=kapela-amore-taneczne-trio-piotra"},"modified":"2025-08-22T17:51:33","modified_gmt":"2025-08-22T15:51:33","slug":"kapela-amore-taneczne-trio-piotra","status":"publish","type":"product","link":"https:\/\/unomusicsklep.pl\/?product=kapela-amore-taneczne-trio-piotra","title":{"rendered":"Kapela Amore &#8211; Taneczne trio Piotra"},"content":{"rendered":"<pre>Jest to zesp\u00f3\u0142 muzyczny, za\u0142o\u017cony przez Piotra Wierzb\u0119 \r\n- znanego saksofonist\u0119, klarnecist\u0119 i akordeonist\u0119. \r\nJest to zesp\u00f3\u0142 trzyosobowy. Ich utwory charakteryzuj\u0105 \r\nsi\u0119 \u015bwietnym, tanecznym brzmieniem.\r\n\r\nCD1 (1) \u017begnaj Irlandio, (2) Ma\u0142a Pani, (3) Greckie wino, (4) Ten kto si\u0119 \u015bmieje, \r\n(5) Tango - Po\u017cegnanie, (6) \u017begnaj mi\u0142a, (7) Furmani, furmani, (8) Lalki, \r\n(9) Polka - Pijol jo se pijol, (10) Czarne Oczy Twe, (11) Foxtrot, \r\n(12) Polka - Kawalerka, (13) Wakacje, (14) Nie gniewaj si\u0119, (15) Gdzie\u015b spod Pi\u0144czowa<\/pre>\n","protected":false},"excerpt":{"rendered":"<p>Jest to zesp\u00f3\u0142 muzyczny, za\u0142o\u017cony przez Piotra Wierzb\u0119 &#8211; znanego saksofonist\u0119, klarnecist\u0119 i akordeonist\u0119. Jest to zesp\u00f3\u0142 trzyosobowy. Ich utwory charakteryzuj\u0105 si\u0119 \u015bwietnym, tanecznym brzmieniem. CD1 (1) \u017begnaj Irlandio, (2) Ma\u0142a Pani, (3) Greckie wino, (4) Ten kto si\u0119 \u015bmieje, (5) Tango &#8211; Po\u017cegnanie, (6) \u017begnaj mi\u0142a, (7) Furmani, furmani, (8) Lalki, (9) Polka &#8211; [&hellip;]<\/p>\n","protected":false},"featured_media":3384,"template":"","meta":{"_acf_changed":false},"product_brand":[129],"product_cat":[77,67,80],"product_tag":[],"class_list":{"0":"post-3361","1":"product","2":"type-product","3":"status-publish","4":"has-post-thumbnail","6":"product_brand-kapela-amore","7":"product_cat-muzyka-biesiadna","8":"product_cat-muzyka-ludowa","9":"product_cat-muzyka-weselna","11":"first","12":"instock","13":"shipping-taxable","14":"purchasable","15":"product-type-simple"},"acf":[],"jetpack_sharing_enabled":true,"_links":{"self":[{"href":"https:\/\/unomusicsklep.pl\/index.php?rest_route=\/wp\/v2\/product\/3361","targetHints":{"allow":["GET"]}}],"collection":[{"href":"https:\/\/unomusicsklep.pl\/index.php?rest_route=\/wp\/v2\/product"}],"about":[{"href":"https:\/\/unomusicsklep.pl\/index.php?rest_route=\/wp\/v2\/types\/product"}],"wp:featuredmedia":[{"embeddable":true,"href":"https:\/\/unomusicsklep.pl\/index.php?rest_route=\/wp\/v2\/media\/3384"}],"wp:attachment":[{"href":"https:\/\/unomusicsklep.pl\/index.php?rest_route=%2Fwp%2Fv2%2Fmedia&parent=3361"}],"wp:term":[{"taxonomy":"product_brand","embeddable":true,"href":"https:\/\/unomusicsklep.pl\/index.php?rest_route=%2Fwp%2Fv2%2Fproduct_brand&post=3361"},{"taxonomy":"product_cat","embeddable":true,"href":"https:\/\/unomusicsklep.pl\/index.php?rest_route=%2Fwp%2Fv2%2Fproduct_cat&post=3361"},{"taxonomy":"product_tag","embeddable":true,"href":"https:\/\/unomusicsklep.pl\/index.php?rest_route=%2Fwp%2Fv2%2Fproduct_tag&post=3361"}],"curies":[{"name":"wp","href":"https:\/\/api.w.org\/{rel}","templated":true}]}}