{"id":3367,"date":"2025-08-22T17:45:57","date_gmt":"2025-08-22T15:45:57","guid":{"rendered":"https:\/\/unomusic.dfirma.pl\/?product=kapela-weselna-krokus-krokus-cz-1"},"modified":"2025-08-22T18:00:03","modified_gmt":"2025-08-22T16:00:03","slug":"kapela-weselna-krokus-krokus-cz-1","status":"publish","type":"product","link":"https:\/\/unomusicsklep.pl\/?product=kapela-weselna-krokus-krokus-cz-1","title":{"rendered":"Kapela weselna Krokus &#8211; Krokus cz.1"},"content":{"rendered":"<pre>Kapela Krokus powsta\u0142a w 1988 roku z inicjatywy S\u0142awomira \r\nWierzby. Zesp\u00f3\u0142 specjalizuje si\u0119 w muzyce ludowej i weselnej, \r\na do\u015bwiadczenie zdobywa\u0142 na setkach wesel w regionie \u015bwi\u0119tokrzyskim. \r\nCz\u0142onkowie od lat wsp\u00f3\u0142pracuj\u0105 ze sob\u0105, tworz\u0105c zgrany i lubiany zesp\u00f3\u0142.\r\n\r\nCD1 (1) Marsz od g\u00f3r Pi\u0144czowskich, (2) Bo to wesele jest, (3) Sto lat \u2013 mix przy\u015bpiewek weselnych, (4) Oj, p\u0142ynie woda w dolinie, \r\n(5) Pierwsze spotkanie, (6) Dolina, hej dolina, (7) \u017begna\u0142 g\u00f3ral g\u00f3ralk\u0119, (8) Kochana, (9) Corne \u0142\u0105cy, corne \u0142\u0105cy, \r\n(10) Polka o kapeli Krokus, (11) Gdzie\u015b wysoko na niebie, (12) Jo jestem z Marz\u0119cina, (13) Nad brzegiem rzeki, (14) Nido, rzeko kochana, \r\n(15) Ko\u0142o mego ogr\u00f3deczka, rym cym<\/pre>\n","protected":false},"excerpt":{"rendered":"<p>Kapela Krokus powsta\u0142a w 1988 roku z inicjatywy S\u0142awomira Wierzby. Zesp\u00f3\u0142 specjalizuje si\u0119 w muzyce ludowej i weselnej, a do\u015bwiadczenie zdobywa\u0142 na setkach wesel w regionie \u015bwi\u0119tokrzyskim. Cz\u0142onkowie od lat wsp\u00f3\u0142pracuj\u0105 ze sob\u0105, tworz\u0105c zgrany i lubiany zesp\u00f3\u0142. CD1 (1) Marsz od g\u00f3r Pi\u0144czowskich, (2) Bo to wesele jest, (3) Sto lat \u2013 mix przy\u015bpiewek [&hellip;]<\/p>\n","protected":false},"featured_media":3394,"template":"","meta":{"_acf_changed":false},"product_brand":[134],"product_cat":[77,67,80],"product_tag":[],"class_list":{"0":"post-3367","1":"product","2":"type-product","3":"status-publish","4":"has-post-thumbnail","6":"product_brand-kapela-weselna-krokus","7":"product_cat-muzyka-biesiadna","8":"product_cat-muzyka-ludowa","9":"product_cat-muzyka-weselna","11":"first","12":"instock","13":"shipping-taxable","14":"purchasable","15":"product-type-simple"},"acf":[],"jetpack_sharing_enabled":true,"_links":{"self":[{"href":"https:\/\/unomusicsklep.pl\/index.php?rest_route=\/wp\/v2\/product\/3367","targetHints":{"allow":["GET"]}}],"collection":[{"href":"https:\/\/unomusicsklep.pl\/index.php?rest_route=\/wp\/v2\/product"}],"about":[{"href":"https:\/\/unomusicsklep.pl\/index.php?rest_route=\/wp\/v2\/types\/product"}],"wp:featuredmedia":[{"embeddable":true,"href":"https:\/\/unomusicsklep.pl\/index.php?rest_route=\/wp\/v2\/media\/3394"}],"wp:attachment":[{"href":"https:\/\/unomusicsklep.pl\/index.php?rest_route=%2Fwp%2Fv2%2Fmedia&parent=3367"}],"wp:term":[{"taxonomy":"product_brand","embeddable":true,"href":"https:\/\/unomusicsklep.pl\/index.php?rest_route=%2Fwp%2Fv2%2Fproduct_brand&post=3367"},{"taxonomy":"product_cat","embeddable":true,"href":"https:\/\/unomusicsklep.pl\/index.php?rest_route=%2Fwp%2Fv2%2Fproduct_cat&post=3367"},{"taxonomy":"product_tag","embeddable":true,"href":"https:\/\/unomusicsklep.pl\/index.php?rest_route=%2Fwp%2Fv2%2Fproduct_tag&post=3367"}],"curies":[{"name":"wp","href":"https:\/\/api.w.org\/{rel}","templated":true}]}}