{"id":3372,"date":"2025-08-22T17:45:57","date_gmt":"2025-08-22T15:45:57","guid":{"rendered":"https:\/\/unomusic.dfirma.pl\/?product=zespol-impress-imprezka-1-2"},"modified":"2025-08-22T20:21:30","modified_gmt":"2025-08-22T18:21:30","slug":"zespol-impress-imprezka-1-2","status":"publish","type":"product","link":"https:\/\/unomusicsklep.pl\/?product=zespol-impress-imprezka-1-2","title":{"rendered":"Zesp\u00f3\u0142 IMPRESS &#8211; Imprezka 12"},"content":{"rendered":"<pre>IMPRESS to zesp\u00f3\u0142 muzyczny z S\u0119dziszowic w wojew\u00f3dztwie \r\n\u015bwi\u0119tokrzyskim, kt\u00f3rego liderem i za\u0142o\u017cycielem jest Jaros\u0142aw \r\nNied\u017awied\u017a. Grupa specjalizuje si\u0119 w muzyce tanecznej, \r\ndisco polo oraz popularnych polskich i zagranicznych coverach. \r\nmpress powsta\u0142 jako zesp\u00f3\u0142 weselny, a obecnie regularnie gra \r\nkoncerty, zapewniaj\u0105c profesjonalne nag\u0142o\u015bnienie, w\u0142asne \r\naran\u017cacje i szeroki repertuar. Jaros\u0142aw Nied\u017awied\u017a odpowiada \r\nza muzyk\u0119, aran\u017cacj\u0119 oraz realizacj\u0119 nagra\u0144 zespo\u0142u\r\n\r\nCD1 (1) Co\u015b Ty narobi\u0142a, (2) Panna Aniela, (3) Najpi\u0119kniejszy u\u015bmiech masz, (4) Nie on jedyny, \r\n(5) Pi\u0119kne chwile, (6) Podaj mi d\u0142o\u0144, (7) Pragnienie dwojga serc, (8) Rozpalmy ogie\u0144, \r\n(9) Janko Janeczko, (10) Wielka t\u0119sknota, (11) Wsp\u00f3lne drogi, (12) Cud dziewczyna, \r\n(13) Dobrze \u017ce jeste\u015b, (14) Ogie\u0144 i woda, (15) Nie wiesz sama<\/pre>\n","protected":false},"excerpt":{"rendered":"<p>IMPRESS to zesp\u00f3\u0142 muzyczny z S\u0119dziszowic w wojew\u00f3dztwie \u015bwi\u0119tokrzyskim, kt\u00f3rego liderem i za\u0142o\u017cycielem jest Jaros\u0142aw Nied\u017awied\u017a. Grupa specjalizuje si\u0119 w muzyce tanecznej, disco polo oraz popularnych polskich i zagranicznych coverach. mpress powsta\u0142 jako zesp\u00f3\u0142 weselny, a obecnie regularnie gra koncerty, zapewniaj\u0105c profesjonalne nag\u0142o\u015bnienie, w\u0142asne aran\u017cacje i szeroki repertuar. Jaros\u0142aw Nied\u017awied\u017a odpowiada za muzyk\u0119, aran\u017cacj\u0119 oraz [&hellip;]<\/p>\n","protected":false},"featured_media":3402,"template":"","meta":{"_acf_changed":false},"product_brand":[93],"product_cat":[77,78,80],"product_tag":[],"class_list":{"0":"post-3372","1":"product","2":"type-product","3":"status-publish","4":"has-post-thumbnail","6":"product_brand-impress","7":"product_cat-muzyka-biesiadna","8":"product_cat-muzyka-dance","9":"product_cat-muzyka-weselna","11":"first","12":"instock","13":"featured","14":"shipping-taxable","15":"product-type-simple"},"acf":[],"jetpack_sharing_enabled":true,"_links":{"self":[{"href":"https:\/\/unomusicsklep.pl\/index.php?rest_route=\/wp\/v2\/product\/3372","targetHints":{"allow":["GET"]}}],"collection":[{"href":"https:\/\/unomusicsklep.pl\/index.php?rest_route=\/wp\/v2\/product"}],"about":[{"href":"https:\/\/unomusicsklep.pl\/index.php?rest_route=\/wp\/v2\/types\/product"}],"wp:featuredmedia":[{"embeddable":true,"href":"https:\/\/unomusicsklep.pl\/index.php?rest_route=\/wp\/v2\/media\/3402"}],"wp:attachment":[{"href":"https:\/\/unomusicsklep.pl\/index.php?rest_route=%2Fwp%2Fv2%2Fmedia&parent=3372"}],"wp:term":[{"taxonomy":"product_brand","embeddable":true,"href":"https:\/\/unomusicsklep.pl\/index.php?rest_route=%2Fwp%2Fv2%2Fproduct_brand&post=3372"},{"taxonomy":"product_cat","embeddable":true,"href":"https:\/\/unomusicsklep.pl\/index.php?rest_route=%2Fwp%2Fv2%2Fproduct_cat&post=3372"},{"taxonomy":"product_tag","embeddable":true,"href":"https:\/\/unomusicsklep.pl\/index.php?rest_route=%2Fwp%2Fv2%2Fproduct_tag&post=3372"}],"curies":[{"name":"wp","href":"https:\/\/api.w.org\/{rel}","templated":true}]}}