{"id":3374,"date":"2025-08-22T17:45:58","date_gmt":"2025-08-22T15:45:58","guid":{"rendered":"https:\/\/unomusic.dfirma.pl\/?product=kapela-weselna-krokus-krokus-cz-3"},"modified":"2025-08-22T19:55:37","modified_gmt":"2025-08-22T17:55:37","slug":"kapela-weselna-krokus-krokus-cz-3","status":"publish","type":"product","link":"https:\/\/unomusicsklep.pl\/?product=kapela-weselna-krokus-krokus-cz-3","title":{"rendered":"Kapela weselna Krokus &#8211; Krokus cz.3"},"content":{"rendered":"<pre>Kapela Krokus powsta\u0142a w 1988 roku z inicjatywy S\u0142awomira \r\nWierzby. Zesp\u00f3\u0142 specjalizuje si\u0119 w muzyce ludowej i weselnej, \r\na do\u015bwiadczenie zdobywa\u0142 na setkach wesel w regionie \u015bwi\u0119tokrzyskim. \r\nCz\u0142onkowie od lat wsp\u00f3\u0142pracuj\u0105 ze sob\u0105, tworz\u0105c zgrany i lubiany zesp\u00f3\u0142.\r\n\r\nCD1 (1) Ju\u017c ja wi\u0119cej po Pi\u0144czowie, (2) W Bia\u0142obrzegach nad Pilic\u0105, (3) Bananowa prywatka, (4) Tasarnia, \r\n(5) Walczyk \u0142\u0105czka, (6) Hej mamusiu, (7) Wysoko, daleko, (8) Kawalerem ja by\u0142em, (9) Ta\u0144cz, moja mi\u0142a, ta\u0144cz, \r\n(10) Ojca mom dobrego, (11) Polka Marysia, (12) \u017bycie kawalera, (13) A w niedziel\u0119, (14) W dolinie wele potoka, \r\n(15) Cygan nie sieje<\/pre>\n","protected":false},"excerpt":{"rendered":"<p>Kapela Krokus powsta\u0142a w 1988 roku z inicjatywy S\u0142awomira Wierzby. Zesp\u00f3\u0142 specjalizuje si\u0119 w muzyce ludowej i weselnej, a do\u015bwiadczenie zdobywa\u0142 na setkach wesel w regionie \u015bwi\u0119tokrzyskim. Cz\u0142onkowie od lat wsp\u00f3\u0142pracuj\u0105 ze sob\u0105, tworz\u0105c zgrany i lubiany zesp\u00f3\u0142. CD1 (1) Ju\u017c ja wi\u0119cej po Pi\u0144czowie, (2) W Bia\u0142obrzegach nad Pilic\u0105, (3) Bananowa prywatka, (4) Tasarnia, [&hellip;]<\/p>\n","protected":false},"featured_media":3406,"template":"","meta":{"_acf_changed":false},"product_brand":[134],"product_cat":[77,67,80],"product_tag":[],"class_list":{"0":"post-3374","1":"product","2":"type-product","3":"status-publish","4":"has-post-thumbnail","6":"product_brand-kapela-weselna-krokus","7":"product_cat-muzyka-biesiadna","8":"product_cat-muzyka-ludowa","9":"product_cat-muzyka-weselna","11":"first","12":"instock","13":"shipping-taxable","14":"purchasable","15":"product-type-simple"},"acf":[],"jetpack_sharing_enabled":true,"_links":{"self":[{"href":"https:\/\/unomusicsklep.pl\/index.php?rest_route=\/wp\/v2\/product\/3374","targetHints":{"allow":["GET"]}}],"collection":[{"href":"https:\/\/unomusicsklep.pl\/index.php?rest_route=\/wp\/v2\/product"}],"about":[{"href":"https:\/\/unomusicsklep.pl\/index.php?rest_route=\/wp\/v2\/types\/product"}],"wp:featuredmedia":[{"embeddable":true,"href":"https:\/\/unomusicsklep.pl\/index.php?rest_route=\/wp\/v2\/media\/3406"}],"wp:attachment":[{"href":"https:\/\/unomusicsklep.pl\/index.php?rest_route=%2Fwp%2Fv2%2Fmedia&parent=3374"}],"wp:term":[{"taxonomy":"product_brand","embeddable":true,"href":"https:\/\/unomusicsklep.pl\/index.php?rest_route=%2Fwp%2Fv2%2Fproduct_brand&post=3374"},{"taxonomy":"product_cat","embeddable":true,"href":"https:\/\/unomusicsklep.pl\/index.php?rest_route=%2Fwp%2Fv2%2Fproduct_cat&post=3374"},{"taxonomy":"product_tag","embeddable":true,"href":"https:\/\/unomusicsklep.pl\/index.php?rest_route=%2Fwp%2Fv2%2Fproduct_tag&post=3374"}],"curies":[{"name":"wp","href":"https:\/\/api.w.org\/{rel}","templated":true}]}}